= -2*t + 70*i - 68*i + 4, 5*i = t - 6. Let a(k) = 4*k**2 + 3*k - 1. Let d be a(t). Calculate the highest common divisor of 162 and d.
6
Let o(l) be the third derivative of 3*l**4/8 - 29*l**3/3 + 76*l**2. Let u be o(8). Calculate the greatest common factor of u and 49.
7
Let t be (-165)/2*((-51)/9 - -3). Calculate the highest common factor of t and 275.
55
Suppose 38*y - 4569 = -3087. Calculate the highest common divisor of 141 and y.
3
Suppose 2*i - 5*y - 100 = 0, 3*i = -2*y + 145 - 33. What is the greatest common divisor of 490 and i?
10
Let d be 172/10 + (-2)/10. Suppose 2*c + 41 - 17 = 5*a, -5*c - 9 = -4*a. Suppose -a*z - 22 = -d*z. Calculate the greatest common divisor of z and 4.
2
Suppose -12*g + 3787 = 727. What is the highest common divisor of g and 6885?
255
Let i be ((-854)/(-4))/(-8*(-9)/144). Calculate the greatest common divisor of i and 28.
7
Let m = -16 + 64. Suppose 31 = -16*b - 33. Let a be ((-6)/b)/(30/120). What is the highest common factor of m and a?
6
Let i be (792/28)/((-4)/(-56)). Let b = 204 - 182. What is the greatest common factor of i and b?
22
Let g be (20/12 - -1)/(4/6006). Suppose 36*o = 58*o - g. Calculate the greatest common divisor of 7 and o.
7
Suppose -360 - 1007 = -19*b + 229. Calculate the greatest common factor of b and 56.
28
Let j = 30 - 7. Let a(x) = -19*x + 114. Let i(c) = 36*c - 226. Let p(n) = -11*a(n) - 6*i(n). Let g be p(-15). Calculate the greatest common factor of j and g.
23
Let k be (-108)/24*10/(-3). Let z be 10*(-1 - (-33)/k). Calculate the highest common factor of 9 and z.
3
Let p = 2538 + -1909. What is the greatest common factor of p and 221?
17
Let w be 80/1 - (25 + -36 - -9). Calculate the highest common divisor of w and 3526.
82
Suppose -c = 3*m - 379, -5*c - 197 - 448 = -5*m. Let f = m + -73. Let x = -34 + f. Calculate the highest common divisor of x and 2.
2
Let z = 33 + -18. Suppose 4*y + 32 = -2*t, 0 = 2*y - 2*t + 12 - 2. Let x be (-11)/y - 2 - 144/(-42). Calculate the highest common divisor of x and z.
3
Suppose 4393 = 28*x - 6387. Suppose -6*b = 133 - x. What is the greatest common factor of b and 30?
6
Let a(n) = -n**3 + 19*n**2 + 21*n - 24. Let t be a(20). Let g be (t + 14)/(2/(-2))*-1. What is the greatest common factor of 50 and g?
10
Suppose 322 = 4*i + 94. Suppose -135 = -4*h + 189. Let q = -43 + h. Calculate the highest common factor of i and q.
19
Let g = 38167 + -38163. Suppose -4*l + r + 3 = 0, -3*l = r - 6*r - 15. Let t be -4*(-2 - (2 - l)). What is the highest common divisor of g and t?
4
Let r = 11622 - 6565. Calculate the highest common factor of r and 13.
13
Suppose 0 = 2*x - 2*t - 394, -3*t + 32 = 23. Calculate the greatest common factor of 150 and x.
50
Let l be 51/68*(-40)/(-6). Suppose 0 = -2*s + s - 2*h + 52, 5*s + l*h - 260 = 0. What is the highest common divisor of s and 91?
13
Suppose -4*t - 3*r + 64 = -0, 3*t - 4*r = 48. Suppose -17*f + t*f + 16 = 0. Calculate the greatest common factor of f and 88.
8
Let n(x) = 1 + x**2 + 2 + 0*x**2 + 9*x - 9. Let a be n(-10). Suppose 120 = -2*s - a*z + 362, 5*s = 5*z + 620. Calculate the highest common divisor of 82 and s.
41
Let y(h) = -3*h + 2. Let t be y(0). Let r be ((-22)/(-66))/(1/36*t). What is the highest common factor of 15 and r?
3
Let x = 18 - 1. Suppose 27*b - 29*b = 4*v - 18, -8 = -2*v. What is the greatest common divisor of b and x?
1
Let s = 488 + -168. Calculate the highest common factor of 64 and s.
64
Suppose -2*q + 5*j = -2107, 130*j = 3*q + 127*j - 3165. What is the highest common divisor of 660 and q?
132
Let m = 5 + 27. Suppose -21*a - 330 = -1581 - 3453. Calculate the greatest common factor of m and a.
32
Let o be ((-376)/4 + 4/2)/(66/(-264)). Calculate the greatest common divisor of 64 and o.
16
Let l = -4697 + 7011. Calculate the greatest common divisor of l and 13.
13
Let z = 80060 + -79402. Let y = 45 + -31. What is the greatest common divisor of y and z?
14
Let o = -3991 + 5787. Calculate the greatest common factor of o and 8.
4
Suppose 2*s - 2*k = -102, 5*k - 31 + 200 = -3*s. Let h = s + 208. Suppose 5*r - 220 = 90. What is the highest common factor of r and h?
31
Suppose 3*o - 4*c - 70 + 3 = 0, 2*c = -3*o + 97. Suppose o = -14*h + 421. What is the greatest common factor of h and 168?
28
Let h(t) = t**2 - 4*t - 2. Let i be h(5). Let j = 28 - i. What is the greatest common divisor of j and 25?
25
Let z be (-1158)/(-78) + 12/78. What is the highest common factor of z and 380?
5
Let s = 400 + 406. What is the highest common factor of 26 and s?
26
Let c(a) = 3 + 52*a**2 + 1 - 2 + 7. Let p be c(3). Suppose 5*n - p - 153 = 0. What is the greatest common divisor of 14 and n?
14
Suppose -8 = 2*z, -5*b - z + 2067 = -659. Let v = 606 - b. What is the highest common factor of 84 and v?
12
Let g be -6*1*(-3)/6. Let d be 15*((-12)/(-10))/g. Let b be 5/((-228)/(-360) - 3/10). What is the highest common divisor of b and d?
3
Suppose -4403 + 1571 = -118*x. What is the highest common factor of 7464 and x?
24
Suppose -27*y - 20*y - 38*y = -4930. What is the greatest common factor of 1972 and y?
58
Let h be -1*2*(-11)/2. Let a = 297 + -295. Suppose a*r - 7*r = -2*d - 444, -2*r + d + 178 = 0. Calculate the highest common factor of h and r.
11
Suppose -17*l - 98*l - 44*l = -1270728. What is the highest common divisor of l and 432?
216
Let o be 1*10/(-6)*(13 - 142). Let m = 119 - 33. What is the greatest common divisor of o and m?
43
Let o be ((0 - -2)*-37)/1. Let f be (o*5/(-30))/(1/9). What is the highest common factor of f and 37?
37
Suppose 3*y - 3*u = 336, -2*y - 35 = 5*u - 294. Suppose 0*g - 49 = -9*g + 185. Calculate the highest common divisor of g and y.
13
Suppose -5*j + 2*b = 5*b - 8885, -5*j + b = -8885. Let w = j - 625. Suppose -3*v - w = -7*v. What is the greatest common factor of 36 and v?
36
Let z be 11 + (7/(-4) - 1/4). What is the highest common divisor of z and 363?
3
Let z be 0 + (3 - 6) + 93. Suppose -i + 5*g = 2*i - 20, -5*i + 52 = g. Let u be -30*((-12)/i)/2. Calculate the greatest common factor of u and z.
18
Let i be (-8)/6 + (-169)/(-39). Suppose -i*k + 38 = -2*k - 5*g, 2*k = 4*g + 70. Calculate the greatest common factor of k and 22.
11
Suppose 5*k - 7*x - 130 = -2*x, 0 = 3*k + 4*x - 43. Let v be 160/(-120)*7/(k/(-18)). Suppose 0 = 4*o - 10 + 2. Calculate the highest common divisor of o and v.
2
Let z = 190 + -6. What is the highest common divisor of z and 240?
8
Suppose -39*c = 19*c - 202304. What is the greatest common divisor of 1962 and c?
218
Let g = 160 - 96. Suppose -3*x = 22 - g. Suppose -228*k = -5511 - 2469. What is the greatest common divisor of k and x?
7
Suppose -7 = 4*r - 543. Let z = -129 + r. What is the greatest common factor of 85 and z?
5
Let s be 78/(-4)*888/(-148). Calculate the highest common divisor of s and 416.
13
Suppose -l + 4*z + 405 = 4, 0 = 4*z + 20. Let t = -151 + l. What is the greatest common factor of 46 and t?
46
Let j = 136 + -116. Let v be 580/12 - (2 + j/(-12)). What is the greatest common divisor of v and 48?
48
Suppose 3*z - 611 = 5*t, 216*t - 836 = -4*z + 212*t. What is the greatest common factor of 460 and z?
23
Suppose c + 19 + 35 = 5*h, 4*h - 5*c - 60 = 0. Calculate the highest common factor of 735 and h.
5
Let y(v) = 5*v + 12. Let z be y(6). Let s be (46/(-6) - -1)*-9. Let w be (s/(-14))/5*-7. Calculate the highest common factor of w and z.
6
Let b = 5 - -11. Suppose -2*z + 12 = -b. Suppose 0 = 2*s + 2*j + 2*j - z, -8 = -s - j. What is the greatest common divisor of s and 36?
9
Suppose -672 = -p + 4*h, -2*p + h + 555 = -824. Suppose 11*x - p - 386 = 0. What is the highest common divisor of 14 and x?
14
Suppose -170*k + 166*k = -16. Suppose -2*x = 4*q - 32, x - 10 = -0*q - k*q. What is the highest common divisor of x and 209?
11
Let n be (-5 - 2)*(0 - 17). Suppose 219*o + 22 = 230*o. Suppose d = -o*b - 1, 4*d - 2*d = 4*b + 30. Calculate the highest common factor of d and n.
7
Let u(f) be the third derivative of f**6/120 + 2*f**5/3 - 7*f**4/24 - 65*f**3/3 - 199*f**2. Let l be u(-40). What is the greatest common divisor of l and 50?
50
Let t be 3/(3 - (-51)/(-18)). Suppose 5905 - 5788 = 13*h. What is the highest common factor of h and t?
9
Let k = -554 - -570. Let a(q) = q**3 - 3*q**2 + 4*q - 2. Let f be a(2). What is the greatest common fact